{"id":471,"date":"2025-08-26T06:48:45","date_gmt":"2025-08-26T06:48:45","guid":{"rendered":"http:\/\/letaobleu.fr\/?page_id=471"},"modified":"2026-01-19T12:00:36","modified_gmt":"2026-01-19T12:00:36","slug":"contact","status":"publish","type":"page","link":"https:\/\/letaobleu.fr\/index.php\/contact\/","title":{"rendered":"Contact"},"content":{"rendered":"\n\n\n\n\n<h3 class=\"wp-block-heading\"><mark style=\"background-color:rgba(0, 0, 0, 0)\" class=\"has-inline-color has-kubio-color-2-color\">Mentions l\u00e9gales<\/mark><\/h3>\n\n\n\n<p><strong>Editeur du site<\/strong><\/p>\n\n\n\n<p>Berton Guillaume<\/p>\n\n\n\n<p> 37 avenue Camille Hablizig 86580 Vouneuil-sous-Biard<\/p>\n\n\n\n<p>Contact : letaobleu@gmail.com<\/p>\n\n\n\n<p>T\u00e9l\u00e9phone : 06.09.49.59.79<\/p>\n\n\n\n<p>Num\u00e9ro SIRET :&nbsp;99054466000014<\/p>\n\n\n\n<p><strong>H\u00e9bergeur du site&nbsp;<\/strong><\/p>\n\n\n\n<p>OVHcloud 2, rue Kellermann 59100 Roubaix. <\/p>\n\n\n\n<p>T\u00e9l\u00e9phone : 09.72.10.10.07<\/p>\n\n\n\n<p><strong>Directeur de publication du site <\/strong><\/p>\n\n\n\n<p>Berton Guillaume<\/p>\n\n\n\n<p><strong>Propri\u00e9t\u00e9 intellectuelle<\/strong><\/p>\n\n\n\n\n<div class=\"wp-block-image\">\n<figure class=\"aligncenter size-full\"><img loading=\"lazy\" decoding=\"async\" width=\"500\" height=\"390\" src=\"https:\/\/letaobleu.fr\/wp-content\/uploads\/2025\/09\/Logo-officiel-Le-Tao-Bleu-recoupe-pour-site.png\" alt=\"\" class=\"wp-image-1103\" srcset=\"https:\/\/letaobleu.fr\/wp-content\/uploads\/2025\/09\/Logo-officiel-Le-Tao-Bleu-recoupe-pour-site.png 500w, https:\/\/letaobleu.fr\/wp-content\/uploads\/2025\/09\/Logo-officiel-Le-Tao-Bleu-recoupe-pour-site-300x234.png 300w\" sizes=\"(max-width: 500px) 100vw, 500px\" \/><\/figure>\n<\/div>","protected":false},"excerpt":{"rendered":"<p>Mentions l\u00e9gales Editeur du site Berton Guillaume 37 avenue Camille Hablizig 86580 Vouneuil-sous-Biard Contact : letaobleu@gmail.com T\u00e9l\u00e9phone : 06.09.49.59.79 Num\u00e9ro SIRET :&nbsp;99054466000014 H\u00e9bergeur du site&nbsp; OVHcloud 2, rue Kellermann 59100 Roubaix. T\u00e9l\u00e9phone : 09.72.10.10.07 Directeur de publication du site Berton Guillaume Propri\u00e9t\u00e9 intellectuelle<\/p>\n","protected":false},"author":1,"featured_media":0,"parent":0,"menu_order":0,"comment_status":"closed","ping_status":"closed","template":"","meta":{"saved_in_kubio":true,"footnotes":""},"class_list":["post-471","page","type-page","status-publish","hentry"],"kubio_ai_page_context":{"short_desc":"","purpose":"general"},"yoast_head":"<!-- This site is optimized with the Yoast SEO plugin v27.5 - https:\/\/yoast.com\/product\/yoast-seo-wordpress\/ -->\n<title>Contact - LE TAO BLEU<\/title>\n<meta name=\"robots\" content=\"index, follow, max-snippet:-1, max-image-preview:large, max-video-preview:-1\" \/>\n<link rel=\"canonical\" href=\"https:\/\/letaobleu.fr\/index.php\/contact\/\" \/>\n<meta property=\"og:locale\" content=\"fr_FR\" \/>\n<meta property=\"og:type\" content=\"article\" \/>\n<meta property=\"og:title\" content=\"Contact - LE TAO BLEU\" \/>\n<meta property=\"og:description\" content=\"Mentions l\u00e9gales Editeur du site Berton Guillaume 37 avenue Camille Hablizig 86580 Vouneuil-sous-Biard Contact : letaobleu@gmail.com T\u00e9l\u00e9phone : 06.09.49.59.79 Num\u00e9ro SIRET :&nbsp;99054466000014 H\u00e9bergeur du site&nbsp; OVHcloud 2, rue Kellermann 59100 Roubaix. T\u00e9l\u00e9phone : 09.72.10.10.07 Directeur de publication du site Berton Guillaume Propri\u00e9t\u00e9 intellectuelle\" \/>\n<meta property=\"og:url\" content=\"https:\/\/letaobleu.fr\/index.php\/contact\/\" \/>\n<meta property=\"og:site_name\" content=\"LE TAO BLEU\" \/>\n<meta property=\"article:publisher\" content=\"https:\/\/www.facebook.com\/profile.php?id=61580347494568\" \/>\n<meta property=\"article:modified_time\" content=\"2026-01-19T12:00:36+00:00\" \/>\n<meta property=\"og:image\" content=\"https:\/\/letaobleu.fr\/wp-content\/uploads\/2025\/09\/Logo-officiel-Le-Tao-Bleu-recoupe-pour-site.png\" \/>\n\t<meta property=\"og:image:width\" content=\"500\" \/>\n\t<meta property=\"og:image:height\" content=\"390\" \/>\n\t<meta property=\"og:image:type\" content=\"image\/png\" \/>\n<meta name=\"twitter:card\" content=\"summary_large_image\" \/>\n<meta name=\"twitter:label1\" content=\"Dur\u00e9e de lecture estim\u00e9e\" \/>\n\t<meta name=\"twitter:data1\" content=\"1 minute\" \/>\n<script type=\"application\/ld+json\" class=\"yoast-schema-graph\">{\"@context\":\"https:\\\/\\\/schema.org\",\"@graph\":[{\"@type\":\"WebPage\",\"@id\":\"https:\\\/\\\/letaobleu.fr\\\/index.php\\\/contact\\\/\",\"url\":\"https:\\\/\\\/letaobleu.fr\\\/index.php\\\/contact\\\/\",\"name\":\"Contact - LE TAO BLEU\",\"isPartOf\":{\"@id\":\"https:\\\/\\\/letaobleu.fr\\\/#website\"},\"primaryImageOfPage\":{\"@id\":\"https:\\\/\\\/letaobleu.fr\\\/index.php\\\/contact\\\/#primaryimage\"},\"image\":{\"@id\":\"https:\\\/\\\/letaobleu.fr\\\/index.php\\\/contact\\\/#primaryimage\"},\"thumbnailUrl\":\"https:\\\/\\\/letaobleu.fr\\\/wp-content\\\/uploads\\\/2025\\\/09\\\/Logo-officiel-Le-Tao-Bleu-recoupe-pour-site.png\",\"datePublished\":\"2025-08-26T06:48:45+00:00\",\"dateModified\":\"2026-01-19T12:00:36+00:00\",\"breadcrumb\":{\"@id\":\"https:\\\/\\\/letaobleu.fr\\\/index.php\\\/contact\\\/#breadcrumb\"},\"inLanguage\":\"fr-FR\",\"potentialAction\":[{\"@type\":\"ReadAction\",\"target\":[\"https:\\\/\\\/letaobleu.fr\\\/index.php\\\/contact\\\/\"]}]},{\"@type\":\"ImageObject\",\"inLanguage\":\"fr-FR\",\"@id\":\"https:\\\/\\\/letaobleu.fr\\\/index.php\\\/contact\\\/#primaryimage\",\"url\":\"https:\\\/\\\/letaobleu.fr\\\/wp-content\\\/uploads\\\/2025\\\/09\\\/Logo-officiel-Le-Tao-Bleu-recoupe-pour-site.png\",\"contentUrl\":\"https:\\\/\\\/letaobleu.fr\\\/wp-content\\\/uploads\\\/2025\\\/09\\\/Logo-officiel-Le-Tao-Bleu-recoupe-pour-site.png\",\"width\":500,\"height\":390},{\"@type\":\"BreadcrumbList\",\"@id\":\"https:\\\/\\\/letaobleu.fr\\\/index.php\\\/contact\\\/#breadcrumb\",\"itemListElement\":[{\"@type\":\"ListItem\",\"position\":1,\"name\":\"Accueil\",\"item\":\"https:\\\/\\\/letaobleu.fr\\\/\"},{\"@type\":\"ListItem\",\"position\":2,\"name\":\"Contact\"}]},{\"@type\":\"WebSite\",\"@id\":\"https:\\\/\\\/letaobleu.fr\\\/#website\",\"url\":\"https:\\\/\\\/letaobleu.fr\\\/\",\"name\":\"LE TAO BLEU\",\"description\":\"Entretenir le calme et la vitalit\u00e9 gr\u00e2ce aux pratiques mill\u00e9naires du Qi Gong et de la M\u00e9ditation\",\"publisher\":{\"@id\":\"https:\\\/\\\/letaobleu.fr\\\/#organization\"},\"potentialAction\":[{\"@type\":\"SearchAction\",\"target\":{\"@type\":\"EntryPoint\",\"urlTemplate\":\"https:\\\/\\\/letaobleu.fr\\\/?s={search_term_string}\"},\"query-input\":{\"@type\":\"PropertyValueSpecification\",\"valueRequired\":true,\"valueName\":\"search_term_string\"}}],\"inLanguage\":\"fr-FR\"},{\"@type\":\"Organization\",\"@id\":\"https:\\\/\\\/letaobleu.fr\\\/#organization\",\"name\":\"LE TAO BLEU\",\"url\":\"https:\\\/\\\/letaobleu.fr\\\/\",\"logo\":{\"@type\":\"ImageObject\",\"inLanguage\":\"fr-FR\",\"@id\":\"https:\\\/\\\/letaobleu.fr\\\/#\\\/schema\\\/logo\\\/image\\\/\",\"url\":\"https:\\\/\\\/letaobleu.fr\\\/wp-content\\\/uploads\\\/2025\\\/09\\\/Logo-officiel-Le-Tao-Bleu-recoupe-pour-site.png\",\"contentUrl\":\"https:\\\/\\\/letaobleu.fr\\\/wp-content\\\/uploads\\\/2025\\\/09\\\/Logo-officiel-Le-Tao-Bleu-recoupe-pour-site.png\",\"width\":500,\"height\":390,\"caption\":\"LE TAO BLEU\"},\"image\":{\"@id\":\"https:\\\/\\\/letaobleu.fr\\\/#\\\/schema\\\/logo\\\/image\\\/\"},\"sameAs\":[\"https:\\\/\\\/www.facebook.com\\\/profile.php?id=61580347494568\"]}]}<\/script>\n<!-- \/ Yoast SEO plugin. -->","yoast_head_json":{"title":"Contact - LE TAO BLEU","robots":{"index":"index","follow":"follow","max-snippet":"max-snippet:-1","max-image-preview":"max-image-preview:large","max-video-preview":"max-video-preview:-1"},"canonical":"https:\/\/letaobleu.fr\/index.php\/contact\/","og_locale":"fr_FR","og_type":"article","og_title":"Contact - LE TAO BLEU","og_description":"Mentions l\u00e9gales Editeur du site Berton Guillaume 37 avenue Camille Hablizig 86580 Vouneuil-sous-Biard Contact : letaobleu@gmail.com T\u00e9l\u00e9phone : 06.09.49.59.79 Num\u00e9ro SIRET :&nbsp;99054466000014 H\u00e9bergeur du site&nbsp; OVHcloud 2, rue Kellermann 59100 Roubaix. T\u00e9l\u00e9phone : 09.72.10.10.07 Directeur de publication du site Berton Guillaume Propri\u00e9t\u00e9 intellectuelle","og_url":"https:\/\/letaobleu.fr\/index.php\/contact\/","og_site_name":"LE TAO BLEU","article_publisher":"https:\/\/www.facebook.com\/profile.php?id=61580347494568","article_modified_time":"2026-01-19T12:00:36+00:00","og_image":[{"width":500,"height":390,"url":"https:\/\/letaobleu.fr\/wp-content\/uploads\/2025\/09\/Logo-officiel-Le-Tao-Bleu-recoupe-pour-site.png","type":"image\/png"}],"twitter_card":"summary_large_image","twitter_misc":{"Dur\u00e9e de lecture estim\u00e9e":"1 minute"},"schema":{"@context":"https:\/\/schema.org","@graph":[{"@type":"WebPage","@id":"https:\/\/letaobleu.fr\/index.php\/contact\/","url":"https:\/\/letaobleu.fr\/index.php\/contact\/","name":"Contact - LE TAO BLEU","isPartOf":{"@id":"https:\/\/letaobleu.fr\/#website"},"primaryImageOfPage":{"@id":"https:\/\/letaobleu.fr\/index.php\/contact\/#primaryimage"},"image":{"@id":"https:\/\/letaobleu.fr\/index.php\/contact\/#primaryimage"},"thumbnailUrl":"https:\/\/letaobleu.fr\/wp-content\/uploads\/2025\/09\/Logo-officiel-Le-Tao-Bleu-recoupe-pour-site.png","datePublished":"2025-08-26T06:48:45+00:00","dateModified":"2026-01-19T12:00:36+00:00","breadcrumb":{"@id":"https:\/\/letaobleu.fr\/index.php\/contact\/#breadcrumb"},"inLanguage":"fr-FR","potentialAction":[{"@type":"ReadAction","target":["https:\/\/letaobleu.fr\/index.php\/contact\/"]}]},{"@type":"ImageObject","inLanguage":"fr-FR","@id":"https:\/\/letaobleu.fr\/index.php\/contact\/#primaryimage","url":"https:\/\/letaobleu.fr\/wp-content\/uploads\/2025\/09\/Logo-officiel-Le-Tao-Bleu-recoupe-pour-site.png","contentUrl":"https:\/\/letaobleu.fr\/wp-content\/uploads\/2025\/09\/Logo-officiel-Le-Tao-Bleu-recoupe-pour-site.png","width":500,"height":390},{"@type":"BreadcrumbList","@id":"https:\/\/letaobleu.fr\/index.php\/contact\/#breadcrumb","itemListElement":[{"@type":"ListItem","position":1,"name":"Accueil","item":"https:\/\/letaobleu.fr\/"},{"@type":"ListItem","position":2,"name":"Contact"}]},{"@type":"WebSite","@id":"https:\/\/letaobleu.fr\/#website","url":"https:\/\/letaobleu.fr\/","name":"LE TAO BLEU","description":"Entretenir le calme et la vitalit\u00e9 gr\u00e2ce aux pratiques mill\u00e9naires du Qi Gong et de la M\u00e9ditation","publisher":{"@id":"https:\/\/letaobleu.fr\/#organization"},"potentialAction":[{"@type":"SearchAction","target":{"@type":"EntryPoint","urlTemplate":"https:\/\/letaobleu.fr\/?s={search_term_string}"},"query-input":{"@type":"PropertyValueSpecification","valueRequired":true,"valueName":"search_term_string"}}],"inLanguage":"fr-FR"},{"@type":"Organization","@id":"https:\/\/letaobleu.fr\/#organization","name":"LE TAO BLEU","url":"https:\/\/letaobleu.fr\/","logo":{"@type":"ImageObject","inLanguage":"fr-FR","@id":"https:\/\/letaobleu.fr\/#\/schema\/logo\/image\/","url":"https:\/\/letaobleu.fr\/wp-content\/uploads\/2025\/09\/Logo-officiel-Le-Tao-Bleu-recoupe-pour-site.png","contentUrl":"https:\/\/letaobleu.fr\/wp-content\/uploads\/2025\/09\/Logo-officiel-Le-Tao-Bleu-recoupe-pour-site.png","width":500,"height":390,"caption":"LE TAO BLEU"},"image":{"@id":"https:\/\/letaobleu.fr\/#\/schema\/logo\/image\/"},"sameAs":["https:\/\/www.facebook.com\/profile.php?id=61580347494568"]}]}},"_links":{"self":[{"href":"https:\/\/letaobleu.fr\/index.php\/wp-json\/wp\/v2\/pages\/471","targetHints":{"allow":["GET"]}}],"collection":[{"href":"https:\/\/letaobleu.fr\/index.php\/wp-json\/wp\/v2\/pages"}],"about":[{"href":"https:\/\/letaobleu.fr\/index.php\/wp-json\/wp\/v2\/types\/page"}],"author":[{"embeddable":true,"href":"https:\/\/letaobleu.fr\/index.php\/wp-json\/wp\/v2\/users\/1"}],"replies":[{"embeddable":true,"href":"https:\/\/letaobleu.fr\/index.php\/wp-json\/wp\/v2\/comments?post=471"}],"version-history":[{"count":56,"href":"https:\/\/letaobleu.fr\/index.php\/wp-json\/wp\/v2\/pages\/471\/revisions"}],"predecessor-version":[{"id":1636,"href":"https:\/\/letaobleu.fr\/index.php\/wp-json\/wp\/v2\/pages\/471\/revisions\/1636"}],"wp:attachment":[{"href":"https:\/\/letaobleu.fr\/index.php\/wp-json\/wp\/v2\/media?parent=471"}],"curies":[{"name":"wp","href":"https:\/\/api.w.org\/{rel}","templated":true}]}}